{"id":98,"date":"2023-12-08T10:04:01","date_gmt":"2023-12-08T09:04:01","guid":{"rendered":"http:\/\/grand-luxe.org\/?page_id=98"},"modified":"2025-11-11T20:41:56","modified_gmt":"2025-11-11T19:41:56","slug":"plateforme-2017","status":"publish","type":"page","link":"https:\/\/grand-luxe.org\/index.php\/plateforme-2017\/","title":{"rendered":"Plateforme 2017"},"content":{"rendered":"<p>[vc_section][vc_row][vc_column]<style type=\"text\/css\">#ut_custom_heading69ef69b602497 { color:#3d489a; }#ut_custom_heading69ef69b602497 { font-size:45px !important; }#ut_custom_heading69ef69b602497 { font-weight:bold; }#ut_custom_heading69ef69b602497 { text-align:center; }@media (min-width: 768px) and (max-width: 1024px) { #ut_custom_heading69ef69b602497 { text-align:center; } }@media (max-width: 767px) { #ut_custom_heading69ef69b602497 { text-align:center; } }<\/style><h1 id=\"ut_custom_heading69ef69b602497\" data-responsive-font=\"h1\" data-responsive-font-settings=\"{&quot;base-font-size&quot;:&quot;45&quot;,&quot;font-size-unit&quot;:&quot;px&quot;,&quot;font-size&quot;:{&quot;desktop_large&quot;:&quot;45&quot;},&quot;base-line-height&quot;:&quot;global&quot;,&quot;base-letter-spacing&quot;:&quot;global&quot;}\" class=\"ut-custom-heading-module  \" ><span class=\"\" >LUXEMBOURG<\/p>\n<p>NOVEMBRE 2017<\/span><\/h1>[\/vc_column][\/vc_row][vc_row][vc_column][vc_column_text]<strong>Plateforme organis\u00e9e dans le cadre Exp.Edition \u2013 Biennale de la danse en Grand Est, au TROIS C-L (Luxembourg), le 30 novembre 2017. <\/strong><\/p>\n<p><strong>Artistes s\u00e9lectionn\u00e9.e.s :<\/strong><\/p>\n<ul>\n<li><a href=\"https:\/\/www.fannybrouyaux.com\" target=\"_blank\" rel=\"noopener\">Fanny Brouyaux<\/a>, soutenue par Grand Studio \u00e0 Bruxelles<\/li>\n<li><a href=\"http:\/\/www.especedecollectif.org\/\">Esp\u00e8ce de collectif<\/a>, soutenu par POLE-SUD \u2013 CDCN Strasbourg<\/li>\n<li><a href=\"http:\/\/strates-harrisgkekas.squarespace.com\/\">Harris Gkekas<\/a>, soutenue par le Ballet de l\u2019Op\u00e9ra national du Rhin \u2013 CCN de Mulhouse<\/li>\n<li><a href=\"https:\/\/annemareikehess.com\" target=\"_blank\" rel=\"noopener\">Anne-Mareike Hess<\/a>, soutenue par le TROIS C-L \u2013 Centre de Cr\u00e9ation Chor\u00e9graphique Luxembourgeois<\/li>\n<li><a href=\"https:\/\/numeridanse.com\/profil\/konate-abdoulaye-tresor\/\" target=\"_blank\" rel=\"noopener\">Abdoulaye Tr\u00e9sor Konat\u00e9<\/a>, soutenu par POLE-SUD \u2013 CDCN Strasbourg<\/li>\n<li><a href=\"https:\/\/www.compagnie-li-luo.fr\/\">Camille Mutel<\/a>, soutenue par le CCN \u2013 Ballet de Lorraine \u00e0 Nancy<\/li>\n<\/ul>\n<p><strong>D\u00e9roulement de la journ\u00e9e :<br \/>\n11h-13h | Salons d\u2019artistes \u00a0<\/strong>Chaque artiste dispose de 20 minutes pour pr\u00e9senter son parcours, son travail artistique et ses projets, accompagn\u00e9.e d\u2019un.e mod\u00e9rateur.rice, les directeur.ice.s des structures r\u00e9f\u00e9rentes au sein du r\u00e9seau Grand Luxe.<br \/>\n<strong>15h-18h | <\/strong>Pr\u00e9sentations sc\u00e9niques d\u2019extraits de cr\u00e9ation ou d\u2019\u00e9tapes de travail de projets en cours.<br \/>\n<strong>20h | <\/strong>Repr\u00e9sentation de <em>Give me a reason to feel <\/em>de la chor\u00e9graphe Anne- Mareike Hess au Grand Th\u00e9\u00e2tre du Luxembourg.[\/vc_column_text][vc_row_inner][vc_column_inner width=\u00a0\u00bb1\/2&Prime;]<div  class=\"wpb_content_element   clearfix\"><style type=\"text\/css\">#ut_am_69ef69b604b31 { opacity: 1; }#ut_am_wrap_69ef69b604b32 .ut-image-gallery-item-caption-title h3 { letter-spacing: 0em; }#ut_am_wrap_69ef69b604b32 .ut-gallery-slider-caption { font-weight: bold; }#ut_am_wrap_69ef69b604b32 { text-align: left; }@media (min-width: 768px) and (max-width: 1024px) { #ut_am_wrap_69ef69b604b32 { text-align: left !important; } }@media (max-width: 767px) { #ut_am_wrap_69ef69b604b32 { text-align: center !important; } }<\/style><div id=\"ut_am_wrap_69ef69b604b32\" class=\"ut-image-gallery-image \"><div id=\"ut_reveal_69ef69b604b33\"  data-appear-top-offset=\"auto\" class=\"ut-animated-image-item ut-image-gallery-item ut-animation-done \"><a class=\"ut-deactivated-link\" href=\"#\"><div class=\"ut-animated-image-zoom\"><img loading=\"lazy\" decoding=\"async\" class=\"ut-lazy skip-lazy ut-animated-image \"  id=\"ut_am_69ef69b604b31\" src=\"data:image\/svg+xml;charset=utf-8,%3Csvg xmlns%3D'http%3A%2F%2Fwww.w3.org%2F2000%2Fsvg' viewBox%3D'0 0 945 824'%2F%3E\" data-src=\"https:\/\/grand-luxe.org\/wp-content\/uploads\/2023\/12\/CAMILLE-MUTEL-C-PAOLO-PORTO.png\" width=\"945\" height=\"824\" alt=\"\"\/><\/div><\/a><\/div><\/div><\/div><div  class=\"wpb_content_element   clearfix\"><style type=\"text\/css\">#ut_am_69ef69b604e4d { opacity: 1; }#ut_am_wrap_69ef69b604e4e .ut-image-gallery-item-caption-title h3 { letter-spacing: 0em; }#ut_am_wrap_69ef69b604e4e .ut-gallery-slider-caption { font-weight: bold; }#ut_am_wrap_69ef69b604e4e { text-align: left; }@media (min-width: 768px) and (max-width: 1024px) { #ut_am_wrap_69ef69b604e4e { text-align: left !important; } }@media (max-width: 767px) { #ut_am_wrap_69ef69b604e4e { text-align: center !important; } }<\/style><div id=\"ut_am_wrap_69ef69b604e4e\" class=\"ut-image-gallery-image \"><div id=\"ut_reveal_69ef69b604e4f\"  data-appear-top-offset=\"auto\" class=\"ut-animated-image-item ut-image-gallery-item ut-animation-done \"><a class=\"ut-deactivated-link\" href=\"#\"><div class=\"ut-animated-image-zoom\"><img loading=\"lazy\" decoding=\"async\" class=\"ut-lazy skip-lazy ut-animated-image \"  id=\"ut_am_69ef69b604e4d\" src=\"data:image\/svg+xml;charset=utf-8,%3Csvg xmlns%3D'http%3A%2F%2Fwww.w3.org%2F2000%2Fsvg' viewBox%3D'0 0 945 629'%2F%3E\" data-src=\"https:\/\/grand-luxe.org\/wp-content\/uploads\/2023\/12\/Anne-Mareike-Hess-\u00a9Bohumil-Kostohryz-.png\" width=\"945\" height=\"629\" alt=\"\"\/><\/div><\/a><\/div><\/div><\/div><div  class=\"wpb_content_element   clearfix\"><style type=\"text\/css\">#ut_am_69ef69b605195 { opacity: 1; }#ut_am_wrap_69ef69b605196 .ut-image-gallery-item-caption-title h3 { letter-spacing: 0em; }#ut_am_wrap_69ef69b605196 .ut-gallery-slider-caption { font-weight: bold; }#ut_am_wrap_69ef69b605196 { text-align: left; }@media (min-width: 768px) and (max-width: 1024px) { #ut_am_wrap_69ef69b605196 { text-align: left !important; } }@media (max-width: 767px) { #ut_am_wrap_69ef69b605196 { text-align: center !important; } }<\/style><div id=\"ut_am_wrap_69ef69b605196\" class=\"ut-image-gallery-image \"><div id=\"ut_reveal_69ef69b605197\"  data-appear-top-offset=\"auto\" class=\"ut-animated-image-item ut-image-gallery-item ut-animation-done \"><a class=\"ut-deactivated-link\" href=\"#\"><div class=\"ut-animated-image-zoom\"><img loading=\"lazy\" decoding=\"async\" class=\"ut-lazy skip-lazy ut-animated-image \"  id=\"ut_am_69ef69b605195\" src=\"data:image\/svg+xml;charset=utf-8,%3Csvg xmlns%3D'http%3A%2F%2Fwww.w3.org%2F2000%2Fsvg' viewBox%3D'0 0 1798 1200'%2F%3E\" data-src=\"https:\/\/grand-luxe.org\/wp-content\/uploads\/2023\/12\/espece-de-collectif.png\" width=\"1798\" height=\"1200\" alt=\"\"\/><\/div><\/a><\/div><\/div><\/div>[\/vc_column_inner][vc_column_inner width=\u00a0\u00bb1\/2&Prime;]<div  class=\"wpb_content_element   clearfix\"><style type=\"text\/css\">#ut_am_69ef69b6054c6 { opacity: 1; }#ut_am_wrap_69ef69b6054c7 .ut-image-gallery-item-caption-title h3 { letter-spacing: 0em; }#ut_am_wrap_69ef69b6054c7 .ut-gallery-slider-caption { font-weight: bold; }#ut_am_wrap_69ef69b6054c7 { text-align: left; }@media (min-width: 768px) and (max-width: 1024px) { #ut_am_wrap_69ef69b6054c7 { text-align: left !important; } }@media (max-width: 767px) { #ut_am_wrap_69ef69b6054c7 { text-align: center !important; } }<\/style><div id=\"ut_am_wrap_69ef69b6054c7\" class=\"ut-image-gallery-image \"><div id=\"ut_reveal_69ef69b6054c8\"  data-appear-top-offset=\"auto\" class=\"ut-animated-image-item ut-image-gallery-item ut-animation-done \"><a class=\"ut-deactivated-link\" href=\"#\"><div class=\"ut-animated-image-zoom\"><img loading=\"lazy\" decoding=\"async\" class=\"ut-lazy skip-lazy ut-animated-image \"  id=\"ut_am_69ef69b6054c6\" src=\"data:image\/svg+xml;charset=utf-8,%3Csvg xmlns%3D'http%3A%2F%2Fwww.w3.org%2F2000%2Fsvg' viewBox%3D'0 0 5475 3528'%2F%3E\" data-src=\"https:\/\/grand-luxe.org\/wp-content\/uploads\/2023\/12\/FB_Delapoesiedusportetc\u00a9JulienCarlier.jpg\" width=\"5475\" height=\"3528\" alt=\"\"\/><\/div><\/a><\/div><\/div><\/div><div  class=\"wpb_content_element   clearfix\"><style type=\"text\/css\">#ut_am_69ef69b605789 { opacity: 1; }#ut_am_wrap_69ef69b60578a .ut-image-gallery-item-caption-title h3 { letter-spacing: 0em; }#ut_am_wrap_69ef69b60578a .ut-gallery-slider-caption { font-weight: bold; }#ut_am_wrap_69ef69b60578a { text-align: left; }@media (min-width: 768px) and (max-width: 1024px) { #ut_am_wrap_69ef69b60578a { text-align: left !important; } }@media (max-width: 767px) { #ut_am_wrap_69ef69b60578a { text-align: center !important; } }<\/style><div id=\"ut_am_wrap_69ef69b60578a\" class=\"ut-image-gallery-image \"><div id=\"ut_reveal_69ef69b60578b\"  data-appear-top-offset=\"auto\" class=\"ut-animated-image-item ut-image-gallery-item ut-animation-done \"><a class=\"ut-deactivated-link\" href=\"#\"><div class=\"ut-animated-image-zoom\"><img loading=\"lazy\" decoding=\"async\" class=\"ut-lazy skip-lazy ut-animated-image \"  id=\"ut_am_69ef69b605789\" src=\"data:image\/svg+xml;charset=utf-8,%3Csvg xmlns%3D'http%3A%2F%2Fwww.w3.org%2F2000%2Fsvg' viewBox%3D'0 0 945 629'%2F%3E\" data-src=\"https:\/\/grand-luxe.org\/wp-content\/uploads\/2023\/12\/Aboulaye-Tresor-Konate-\u00a9David-Betzinger-.png\" width=\"945\" height=\"629\" alt=\"\"\/><\/div><\/a><\/div><\/div><\/div><div  class=\"wpb_content_element   clearfix\"><style type=\"text\/css\">#ut_am_69ef69b605a48 { opacity: 1; }#ut_am_wrap_69ef69b605a49 .ut-image-gallery-item-caption-title h3 { letter-spacing: 0em; }#ut_am_wrap_69ef69b605a49 .ut-gallery-slider-caption { font-weight: bold; }#ut_am_wrap_69ef69b605a49 { text-align: left; }@media (min-width: 768px) and (max-width: 1024px) { #ut_am_wrap_69ef69b605a49 { text-align: left !important; } }@media (max-width: 767px) { #ut_am_wrap_69ef69b605a49 { text-align: center !important; } }<\/style><div id=\"ut_am_wrap_69ef69b605a49\" class=\"ut-image-gallery-image \"><div id=\"ut_reveal_69ef69b605a4a\"  data-appear-top-offset=\"auto\" class=\"ut-animated-image-item ut-image-gallery-item ut-animation-done \"><a class=\"ut-deactivated-link\" href=\"#\"><div class=\"ut-animated-image-zoom\"><img loading=\"lazy\" decoding=\"async\" class=\"ut-lazy skip-lazy ut-animated-image \"  id=\"ut_am_69ef69b605a48\" src=\"data:image\/svg+xml;charset=utf-8,%3Csvg xmlns%3D'http%3A%2F%2Fwww.w3.org%2F2000%2Fsvg' viewBox%3D'0 0 945 631'%2F%3E\" data-src=\"https:\/\/grand-luxe.org\/wp-content\/uploads\/2023\/12\/Harris-Gkekas.png\" width=\"945\" height=\"631\" alt=\"\"\/><\/div><\/a><\/div><\/div><\/div>[\/vc_column_inner][\/vc_row_inner][\/vc_column][\/vc_row][\/vc_section]<\/p>\n","protected":false},"excerpt":{"rendered":"<p>[vc_section][vc_row][vc_column][\/vc_column][\/vc_row][vc_row][vc_column][vc_column_text]Plateforme organis\u00e9e dans le cadre Exp.Edition \u2013 Biennale de la danse en Grand Est, au TROIS C-L (Luxembourg), le 30 novembre 2017. Artistes s\u00e9lectionn\u00e9.e.s : Fanny Brouyaux, soutenue par Grand Studio \u00e0 Bruxelles Esp\u00e8ce de collectif, soutenu par POLE-SUD \u2013 CDCN Strasbourg Harris Gkekas, soutenue par le Ballet de l\u2019Op\u00e9ra national du Rhin \u2013 CCN [&hellip;]<\/p>\n","protected":false},"author":1,"featured_media":0,"parent":0,"menu_order":0,"comment_status":"closed","ping_status":"closed","template":"","meta":{"footnotes":""},"class_list":["post-98","page","type-page","status-publish","hentry"],"_links":{"self":[{"href":"https:\/\/grand-luxe.org\/index.php\/wp-json\/wp\/v2\/pages\/98","targetHints":{"allow":["GET"]}}],"collection":[{"href":"https:\/\/grand-luxe.org\/index.php\/wp-json\/wp\/v2\/pages"}],"about":[{"href":"https:\/\/grand-luxe.org\/index.php\/wp-json\/wp\/v2\/types\/page"}],"author":[{"embeddable":true,"href":"https:\/\/grand-luxe.org\/index.php\/wp-json\/wp\/v2\/users\/1"}],"replies":[{"embeddable":true,"href":"https:\/\/grand-luxe.org\/index.php\/wp-json\/wp\/v2\/comments?post=98"}],"version-history":[{"count":6,"href":"https:\/\/grand-luxe.org\/index.php\/wp-json\/wp\/v2\/pages\/98\/revisions"}],"predecessor-version":[{"id":603,"href":"https:\/\/grand-luxe.org\/index.php\/wp-json\/wp\/v2\/pages\/98\/revisions\/603"}],"wp:attachment":[{"href":"https:\/\/grand-luxe.org\/index.php\/wp-json\/wp\/v2\/media?parent=98"}],"curies":[{"name":"wp","href":"https:\/\/api.w.org\/{rel}","templated":true}]}}

<p>[vc_section][vc_row][vc_column]<style type="text/css">#ut_custom_heading69ef69b602497 { color:#3d489a; }#ut_custom_heading69ef69b602497 { font-size:45px !important; }#ut_custom_heading69ef69b602497 { font-weight:bold; }#ut_custom_heading69ef69b602497 { text-align:center; }@media (min-width: 768px) and (max-width: 1024px) { #ut_custom_heading69ef69b602497 { text-align:center; } }@media (max-width: 767px) { #ut_custom_heading69ef69b602497 { text-align:center; } }</style><h1 id="ut_custom_heading69ef69b602497" data-responsive-font="h1" data-responsive-font-settings="{&quot;base-font-size&quot;:&quot;45&quot;,&quot;font-size-unit&quot;:&quot;px&quot;,&quot;font-size&quot;:{&quot;desktop_large&quot;:&quot;45&quot;},&quot;base-line-height&quot;:&quot;global&quot;,&quot;base-letter-spacing&quot;:&quot;global&quot;}" class="ut-custom-heading-module  " ><span class="" >LUXEMBOURG</p>
<p>NOVEMBRE 2017</span></h1>[/vc_column][/vc_row][vc_row][vc_column][vc_column_text]<strong>Plateforme organisée dans le cadre Exp.Edition – Biennale de la danse en Grand Est, au TROIS C-L (Luxembourg), le 30 novembre 2017. </strong></p>
<p><strong>Artistes sélectionné.e.s :</strong></p>
<ul>
<li><a href="https://www.fannybrouyaux.com" target="_blank" rel="noopener">Fanny Brouyaux</a>, soutenue par Grand Studio à Bruxelles</li>
<li><a href="http://www.especedecollectif.org/">Espèce de collectif</a>, soutenu par POLE-SUD – CDCN Strasbourg</li>
<li><a href="http://strates-harrisgkekas.squarespace.com/">Harris Gkekas</a>, soutenue par le Ballet de l’Opéra national du Rhin – CCN de Mulhouse</li>
<li><a href="https://annemareikehess.com" target="_blank" rel="noopener">Anne-Mareike Hess</a>, soutenue par le TROIS C-L – Centre de Création Chorégraphique Luxembourgeois</li>
<li><a href="https://numeridanse.com/profil/konate-abdoulaye-tresor/" target="_blank" rel="noopener">Abdoulaye Trésor Konaté</a>, soutenu par POLE-SUD – CDCN Strasbourg</li>
<li><a href="https://www.compagnie-li-luo.fr/">Camille Mutel</a>, soutenue par le CCN – Ballet de Lorraine à Nancy</li>
</ul>
<p><strong>Déroulement de la journée :<br />
11h-13h | Salons d’artistes  </strong>Chaque artiste dispose de 20 minutes pour présenter son parcours, son travail artistique et ses projets, accompagné.e d’un.e modérateur.rice, les directeur.ice.s des structures référentes au sein du réseau Grand Luxe.<br />
<strong>15h-18h | </strong>Présentations scéniques d’extraits de création ou d’étapes de travail de projets en cours.<br />
<strong>20h | </strong>Représentation de <em>Give me a reason to feel </em>de la chorégraphe Anne- Mareike Hess au Grand Théâtre du Luxembourg.[/vc_column_text][vc_row_inner][vc_column_inner width= »1/2&Prime;]<div  class="wpb_content_element   clearfix"><style type="text/css">#ut_am_69ef69b604b31 { opacity: 1; }#ut_am_wrap_69ef69b604b32 .ut-image-gallery-item-caption-title h3 { letter-spacing: 0em; }#ut_am_wrap_69ef69b604b32 .ut-gallery-slider-caption { font-weight: bold; }#ut_am_wrap_69ef69b604b32 { text-align: left; }@media (min-width: 768px) and (max-width: 1024px) { #ut_am_wrap_69ef69b604b32 { text-align: left !important; } }@media (max-width: 767px) { #ut_am_wrap_69ef69b604b32 { text-align: center !important; } }</style><div id="ut_am_wrap_69ef69b604b32" class="ut-image-gallery-image "><div id="ut_reveal_69ef69b604b33"  data-appear-top-offset="auto" class="ut-animated-image-item ut-image-gallery-item ut-animation-done "><a class="ut-deactivated-link" href="#"><div class="ut-animated-image-zoom"><img loading="lazy" decoding="async" class="ut-lazy skip-lazy ut-animated-image "  id="ut_am_69ef69b604b31" src="data:image/svg+xml;charset=utf-8,%3Csvg xmlns%3D'http%3A%2F%2Fwww.w3.org%2F2000%2Fsvg' viewBox%3D'0 0 945 824'%2F%3E" data-src="https://grand-luxe.org/wp-content/uploads/2023/12/CAMILLE-MUTEL-C-PAOLO-PORTO.png" width="945" height="824" alt=""/></div></a></div></div></div><div  class="wpb_content_element   clearfix"><style type="text/css">#ut_am_69ef69b604e4d { opacity: 1; }#ut_am_wrap_69ef69b604e4e .ut-image-gallery-item-caption-title h3 { letter-spacing: 0em; }#ut_am_wrap_69ef69b604e4e .ut-gallery-slider-caption { font-weight: bold; }#ut_am_wrap_69ef69b604e4e { text-align: left; }@media (min-width: 768px) and (max-width: 1024px) { #ut_am_wrap_69ef69b604e4e { text-align: left !important; } }@media (max-width: 767px) { #ut_am_wrap_69ef69b604e4e { text-align: center !important; } }</style><div id="ut_am_wrap_69ef69b604e4e" class="ut-image-gallery-image "><div id="ut_reveal_69ef69b604e4f"  data-appear-top-offset="auto" class="ut-animated-image-item ut-image-gallery-item ut-animation-done "><a class="ut-deactivated-link" href="#"><div class="ut-animated-image-zoom"><img loading="lazy" decoding="async" class="ut-lazy skip-lazy ut-animated-image "  id="ut_am_69ef69b604e4d" src="data:image/svg+xml;charset=utf-8,%3Csvg xmlns%3D'http%3A%2F%2Fwww.w3.org%2F2000%2Fsvg' viewBox%3D'0 0 945 629'%2F%3E" data-src="https://grand-luxe.org/wp-content/uploads/2023/12/Anne-Mareike-Hess-©Bohumil-Kostohryz-.png" width="945" height="629" alt=""/></div></a></div></div></div><div  class="wpb_content_element   clearfix"><style type="text/css">#ut_am_69ef69b605195 { opacity: 1; }#ut_am_wrap_69ef69b605196 .ut-image-gallery-item-caption-title h3 { letter-spacing: 0em; }#ut_am_wrap_69ef69b605196 .ut-gallery-slider-caption { font-weight: bold; }#ut_am_wrap_69ef69b605196 { text-align: left; }@media (min-width: 768px) and (max-width: 1024px) { #ut_am_wrap_69ef69b605196 { text-align: left !important; } }@media (max-width: 767px) { #ut_am_wrap_69ef69b605196 { text-align: center !important; } }</style><div id="ut_am_wrap_69ef69b605196" class="ut-image-gallery-image "><div id="ut_reveal_69ef69b605197"  data-appear-top-offset="auto" class="ut-animated-image-item ut-image-gallery-item ut-animation-done "><a class="ut-deactivated-link" href="#"><div class="ut-animated-image-zoom"><img loading="lazy" decoding="async" class="ut-lazy skip-lazy ut-animated-image "  id="ut_am_69ef69b605195" src="data:image/svg+xml;charset=utf-8,%3Csvg xmlns%3D'http%3A%2F%2Fwww.w3.org%2F2000%2Fsvg' viewBox%3D'0 0 1798 1200'%2F%3E" data-src="https://grand-luxe.org/wp-content/uploads/2023/12/espece-de-collectif.png" width="1798" height="1200" alt=""/></div></a></div></div></div>[/vc_column_inner][vc_column_inner width= »1/2&Prime;]<div  class="wpb_content_element   clearfix"><style type="text/css">#ut_am_69ef69b6054c6 { opacity: 1; }#ut_am_wrap_69ef69b6054c7 .ut-image-gallery-item-caption-title h3 { letter-spacing: 0em; }#ut_am_wrap_69ef69b6054c7 .ut-gallery-slider-caption { font-weight: bold; }#ut_am_wrap_69ef69b6054c7 { text-align: left; }@media (min-width: 768px) and (max-width: 1024px) { #ut_am_wrap_69ef69b6054c7 { text-align: left !important; } }@media (max-width: 767px) { #ut_am_wrap_69ef69b6054c7 { text-align: center !important; } }</style><div id="ut_am_wrap_69ef69b6054c7" class="ut-image-gallery-image "><div id="ut_reveal_69ef69b6054c8"  data-appear-top-offset="auto" class="ut-animated-image-item ut-image-gallery-item ut-animation-done "><a class="ut-deactivated-link" href="#"><div class="ut-animated-image-zoom"><img loading="lazy" decoding="async" class="ut-lazy skip-lazy ut-animated-image "  id="ut_am_69ef69b6054c6" src="data:image/svg+xml;charset=utf-8,%3Csvg xmlns%3D'http%3A%2F%2Fwww.w3.org%2F2000%2Fsvg' viewBox%3D'0 0 5475 3528'%2F%3E" data-src="https://grand-luxe.org/wp-content/uploads/2023/12/FB_Delapoesiedusportetc©JulienCarlier.jpg" width="5475" height="3528" alt=""/></div></a></div></div></div><div  class="wpb_content_element   clearfix"><style type="text/css">#ut_am_69ef69b605789 { opacity: 1; }#ut_am_wrap_69ef69b60578a .ut-image-gallery-item-caption-title h3 { letter-spacing: 0em; }#ut_am_wrap_69ef69b60578a .ut-gallery-slider-caption { font-weight: bold; }#ut_am_wrap_69ef69b60578a { text-align: left; }@media (min-width: 768px) and (max-width: 1024px) { #ut_am_wrap_69ef69b60578a { text-align: left !important; } }@media (max-width: 767px) { #ut_am_wrap_69ef69b60578a { text-align: center !important; } }</style><div id="ut_am_wrap_69ef69b60578a" class="ut-image-gallery-image "><div id="ut_reveal_69ef69b60578b"  data-appear-top-offset="auto" class="ut-animated-image-item ut-image-gallery-item ut-animation-done "><a class="ut-deactivated-link" href="#"><div class="ut-animated-image-zoom"><img loading="lazy" decoding="async" class="ut-lazy skip-lazy ut-animated-image "  id="ut_am_69ef69b605789" src="data:image/svg+xml;charset=utf-8,%3Csvg xmlns%3D'http%3A%2F%2Fwww.w3.org%2F2000%2Fsvg' viewBox%3D'0 0 945 629'%2F%3E" data-src="https://grand-luxe.org/wp-content/uploads/2023/12/Aboulaye-Tresor-Konate-©David-Betzinger-.png" width="945" height="629" alt=""/></div></a></div></div></div><div  class="wpb_content_element   clearfix"><style type="text/css">#ut_am_69ef69b605a48 { opacity: 1; }#ut_am_wrap_69ef69b605a49 .ut-image-gallery-item-caption-title h3 { letter-spacing: 0em; }#ut_am_wrap_69ef69b605a49 .ut-gallery-slider-caption { font-weight: bold; }#ut_am_wrap_69ef69b605a49 { text-align: left; }@media (min-width: 768px) and (max-width: 1024px) { #ut_am_wrap_69ef69b605a49 { text-align: left !important; } }@media (max-width: 767px) { #ut_am_wrap_69ef69b605a49 { text-align: center !important; } }</style><div id="ut_am_wrap_69ef69b605a49" class="ut-image-gallery-image "><div id="ut_reveal_69ef69b605a4a"  data-appear-top-offset="auto" class="ut-animated-image-item ut-image-gallery-item ut-animation-done "><a class="ut-deactivated-link" href="#"><div class="ut-animated-image-zoom"><img loading="lazy" decoding="async" class="ut-lazy skip-lazy ut-animated-image "  id="ut_am_69ef69b605a48" src="data:image/svg+xml;charset=utf-8,%3Csvg xmlns%3D'http%3A%2F%2Fwww.w3.org%2F2000%2Fsvg' viewBox%3D'0 0 945 631'%2F%3E" data-src="https://grand-luxe.org/wp-content/uploads/2023/12/Harris-Gkekas.png" width="945" height="631" alt=""/></div></a></div></div></div>[/vc_column_inner][/vc_row_inner][/vc_column][/vc_row][/vc_section]</p>

<p>[vc_section][vc_row][vc_column][/vc_column][/vc_row][vc_row][vc_column][vc_column_text]Plateforme organisée dans le cadre Exp.Edition – Biennale de la danse en Grand Est, au TROIS C-L (Luxembourg), le 30 novembre 2017. Artistes sélectionné.e.s : Fanny Brouyaux, soutenue par Grand Studio à Bruxelles Espèce de collectif, soutenu par POLE-SUD – CDCN Strasbourg Harris Gkekas, soutenue par le Ballet de l’Opéra national du Rhin – CCN [&hellip;]</p>
