{"id":90,"date":"2023-12-07T17:32:37","date_gmt":"2023-12-07T16:32:37","guid":{"rendered":"http:\/\/grand-luxe.org\/?page_id=90"},"modified":"2024-01-17T16:01:00","modified_gmt":"2024-01-17T15:01:00","slug":"plateforme-2024","status":"publish","type":"page","link":"https:\/\/grand-luxe.org\/index.php\/plateforme-2024\/","title":{"rendered":"Plateforme 2024"},"content":{"rendered":"<p>[vc_section][vc_row][vc_column]<style type=\"text\/css\">#ut_custom_heading69f205e6d43d7 { color:#3d489a; }#ut_custom_heading69f205e6d43d7 { font-size:45px !important; }#ut_custom_heading69f205e6d43d7 { font-weight:bold; }#ut_custom_heading69f205e6d43d7 { text-align:center; }@media (min-width: 768px) and (max-width: 1024px) { #ut_custom_heading69f205e6d43d7 { text-align:center; } }@media (max-width: 767px) { #ut_custom_heading69f205e6d43d7 { text-align:center; } }<\/style><h1 id=\"ut_custom_heading69f205e6d43d7\" data-responsive-font=\"h1\" data-responsive-font-settings=\"{&quot;base-font-size&quot;:&quot;45&quot;,&quot;font-size-unit&quot;:&quot;px&quot;,&quot;font-size&quot;:{&quot;desktop_large&quot;:&quot;45&quot;},&quot;base-line-height&quot;:&quot;global&quot;,&quot;base-letter-spacing&quot;:&quot;global&quot;}\" class=\"ut-custom-heading-module  \" ><span class=\"\" >STRASBOURG<\/p>\n<p>AVRIL 2024<\/span><\/h1>[\/vc_column][\/vc_row][vc_row][vc_column][vc_column_text]Il existe de nombreux rendez-vous chor\u00e9graphiques nationaux mais il n\u2019en existe pas beaucoup co-construits \u00e0 une \u00e9chelle transnationale. Initi\u00e9 en 2015 et prenant appui sur neuf structures issues de sept pays diff\u00e9rents poursuivant des missions de d\u00e9veloppement de la danse, le r\u00e9seau Grand Luxe propose chaque ann\u00e9e un circuit d\u2019accompagnement \u00e0 la carte destin\u00e9 \u00e0 des chor\u00e9graphes \u00e9mergents et \u00e0 leurs projets. Porteur et initiateur de tr\u00e8s nombreuses pi\u00e8ces au fil des ans, l\u2019id\u00e9e du r\u00e9seau est d\u2019organiser aujourd\u2019hui une vitrine de ce savoir-faire et de donner un espace de visibilit\u00e9 \u00e0 ces artistes. Le principe de cette plateforme\u00a0 <strong>Happy Days<\/strong>\u00a0 est de r\u00e9unir \u00e0 la fois des projets en cours et d\u2019inviter sur sc\u00e8ne des cr\u00e9ations ayant b\u00e9n\u00e9fici\u00e9 de l\u2019aide de ce r\u00e9seau. Outre ces temps de programmation, des rencontres professionnelles et des moments de convivialit\u00e9 seront propos\u00e9s sur 3 jours.<\/p>\n<p><strong>JE 04 AVR<\/strong><br \/>\nSimon Feltz (FR) \/ Vidal Bini (FR) \/ Akiko Hasegawa (FR) \/ Romane Peytavin et Pierre Piton (CH) \/ Lucas Bassereau et Constance Diard (FR) \/ Emi Mivoshi (DE) \/ Anne-Mareike Hess (LU)<\/p>\n<p><strong>VE 05 AVR<\/strong><br \/>\nCatarina Miranda (PT) \/ Simon Feltz (FR) \/ Romane Pevtavin et Pierre Piton (CH) \/ Ezio Schiavulli (FR) \/ Louise Vanneste (BE) \/ William Cardoso (LU) \/ Nicola Galli (FR)<\/p>\n<p><strong>SA 06 AVR<\/strong><br \/>\nSimon Feltz (FR) \/ Karine Dahouindji (CH) \/ Fanny Brouyaux (BE) \/ Fotini Stamatelopoulou (GR) \/ Romane Peytavin et Pierre Piton (CH) \/ Konstantinos Papanikolaou (GR) \/ Baptiste Cazaux (CH)[\/vc_column_text][\/vc_column][\/vc_row][vc_row][vc_column width=\u00a0\u00bb1\/2&Prime;]<style type=\"text\/css\"><\/style><div id=\"bklyn_btn_69f205e6d6605\" class=\"bklyn-btn-holder  bklyn-btn-center bklyn-btn-tablet-center bklyn-btn-mobile-center\"><a title=\"\"   href=\"https:\/\/bit.ly\/happydays2024\" target=\" _blank\" class=\"bklyn-btn  bklyn-btn-normal\" ><span class=\"ut-btn-text\">En images<\/span><\/a><\/div>[\/vc_column][vc_column width=\u00a0\u00bb1\/2&Prime;]<style type=\"text\/css\"><\/style><div id=\"bklyn_btn_69f205e6d663c\" class=\"bklyn-btn-holder  bklyn-btn-center bklyn-btn-tablet-center bklyn-btn-mobile-center\"><a title=\"\"   href=\"https:\/\/www.pole-sud.fr\/happy-days\/\" target=\" _blank\" class=\"bklyn-btn  bklyn-btn-normal\" ><span class=\"ut-btn-text\">En savoir +<\/span><\/a><\/div>[\/vc_column][\/vc_row][vc_row][vc_column][vc_column_text]<strong>La plateforme Happy Days est organis\u00e9e par le r\u00e9seau Grand Luxe<\/strong> : POLE-SUD CDCN, Strasbourg (FR) \/ Grand Studio, Bruxelles (BE) \/ CCN &#8211; Ballet de Lorraine, Nancy (FR) \/ Onassis Stegi, Ath\u00e8nes (GR) \/ TROIS C-L &#8211; Centre de Cr\u00e9ation Chor\u00e9graphique Luxembourgeois (LU) \/ CCN &#8211; Ballet de l&rsquo;Op\u00e9ra national du Rhin, Mulhouse (FR) \/ L&rsquo;Abri, Gen\u00e8ve (CH) \/ Theater Freiburg (DE) \/ Teatro Municipal do Porto (PT)<\/p>\n<p>Avec la participation de la Ville de Strasbourg, la R\u00e9gion Grand Est, la Collectivit\u00e9 europ\u00e9enne d\u2019Alsace et l\u2019\u00c9tat (Direction r\u00e9gionale des affaires culturelles du Grand Est), dans le cadre du Contrat triennal 2021-2023 \u00abStrasbourg, capitale europ\u00e9enne\u00bb et de son fonds \u00abCulture\u00bb. En partenariat avec l\u2019Agence Culturelle Grand Est. Avec l\u2019aide du Centre Wallonie Bruxelles Paris, Wallonie-Bruxelles International, Kultur LX et Pro Helvetia.<\/p>\n<p>[\/vc_column_text]<div  class=\"wpb_content_element   clearfix\"><style type=\"text\/css\">#ut_am_69f205e6d7587 { opacity: 1; }#ut_am_wrap_69f205e6d7588 .ut-image-gallery-item-caption-title h3 { letter-spacing: 0em; }#ut_am_wrap_69f205e6d7588 .ut-gallery-slider-caption { font-weight: bold; }#ut_am_wrap_69f205e6d7588 { text-align: left; }@media (min-width: 768px) and (max-width: 1024px) { #ut_am_wrap_69f205e6d7588 { text-align: left !important; } }@media (max-width: 767px) { #ut_am_wrap_69f205e6d7588 { text-align: center !important; } }<\/style><div id=\"ut_am_wrap_69f205e6d7588\" class=\"ut-image-gallery-image \"><div id=\"ut_reveal_69f205e6d7589\"  data-appear-top-offset=\"auto\" class=\"ut-animated-image-item ut-image-gallery-item ut-animation-done \"><a class=\"ut-deactivated-link\" href=\"#\"><div class=\"ut-animated-image-zoom\"><img loading=\"lazy\" decoding=\"async\" class=\"ut-lazy skip-lazy ut-animated-image \"  id=\"ut_am_69f205e6d7587\" src=\"data:image\/svg+xml;charset=utf-8,%3Csvg xmlns%3D'http%3A%2F%2Fwww.w3.org%2F2000%2Fsvg' viewBox%3D'0 0 3125 3125'%2F%3E\" data-src=\"https:\/\/grand-luxe.org\/wp-content\/uploads\/2024\/01\/carre-modif.jpg\" width=\"3125\" height=\"3125\" alt=\"\"\/><\/div><\/a><\/div><\/div><\/div>[\/vc_column][\/vc_row][\/vc_section]<\/p>\n","protected":false},"excerpt":{"rendered":"<p>[vc_section][vc_row][vc_column][\/vc_column][\/vc_row][vc_row][vc_column][vc_column_text]Il existe de nombreux rendez-vous chor\u00e9graphiques nationaux mais il n\u2019en existe pas beaucoup co-construits \u00e0 une \u00e9chelle transnationale. Initi\u00e9 en 2015 et prenant appui sur neuf structures issues de sept pays diff\u00e9rents poursuivant des missions de d\u00e9veloppement de la danse, le r\u00e9seau Grand Luxe propose chaque ann\u00e9e un circuit d\u2019accompagnement \u00e0 la carte destin\u00e9 \u00e0 [&hellip;]<\/p>\n","protected":false},"author":1,"featured_media":0,"parent":0,"menu_order":0,"comment_status":"closed","ping_status":"closed","template":"","meta":{"footnotes":""},"class_list":["post-90","page","type-page","status-publish","hentry"],"_links":{"self":[{"href":"https:\/\/grand-luxe.org\/index.php\/wp-json\/wp\/v2\/pages\/90","targetHints":{"allow":["GET"]}}],"collection":[{"href":"https:\/\/grand-luxe.org\/index.php\/wp-json\/wp\/v2\/pages"}],"about":[{"href":"https:\/\/grand-luxe.org\/index.php\/wp-json\/wp\/v2\/types\/page"}],"author":[{"embeddable":true,"href":"https:\/\/grand-luxe.org\/index.php\/wp-json\/wp\/v2\/users\/1"}],"replies":[{"embeddable":true,"href":"https:\/\/grand-luxe.org\/index.php\/wp-json\/wp\/v2\/comments?post=90"}],"version-history":[{"count":7,"href":"https:\/\/grand-luxe.org\/index.php\/wp-json\/wp\/v2\/pages\/90\/revisions"}],"predecessor-version":[{"id":313,"href":"https:\/\/grand-luxe.org\/index.php\/wp-json\/wp\/v2\/pages\/90\/revisions\/313"}],"wp:attachment":[{"href":"https:\/\/grand-luxe.org\/index.php\/wp-json\/wp\/v2\/media?parent=90"}],"curies":[{"name":"wp","href":"https:\/\/api.w.org\/{rel}","templated":true}]}}

<p>[vc_section][vc_row][vc_column]<style type="text/css">#ut_custom_heading69f205e6d43d7 { color:#3d489a; }#ut_custom_heading69f205e6d43d7 { font-size:45px !important; }#ut_custom_heading69f205e6d43d7 { font-weight:bold; }#ut_custom_heading69f205e6d43d7 { text-align:center; }@media (min-width: 768px) and (max-width: 1024px) { #ut_custom_heading69f205e6d43d7 { text-align:center; } }@media (max-width: 767px) { #ut_custom_heading69f205e6d43d7 { text-align:center; } }</style><h1 id="ut_custom_heading69f205e6d43d7" data-responsive-font="h1" data-responsive-font-settings="{&quot;base-font-size&quot;:&quot;45&quot;,&quot;font-size-unit&quot;:&quot;px&quot;,&quot;font-size&quot;:{&quot;desktop_large&quot;:&quot;45&quot;},&quot;base-line-height&quot;:&quot;global&quot;,&quot;base-letter-spacing&quot;:&quot;global&quot;}" class="ut-custom-heading-module  " ><span class="" >STRASBOURG</p>
<p>AVRIL 2024</span></h1>[/vc_column][/vc_row][vc_row][vc_column][vc_column_text]Il existe de nombreux rendez-vous chorégraphiques nationaux mais il n’en existe pas beaucoup co-construits à une échelle transnationale. Initié en 2015 et prenant appui sur neuf structures issues de sept pays différents poursuivant des missions de développement de la danse, le réseau Grand Luxe propose chaque année un circuit d’accompagnement à la carte destiné à des chorégraphes émergents et à leurs projets. Porteur et initiateur de très nombreuses pièces au fil des ans, l’idée du réseau est d’organiser aujourd’hui une vitrine de ce savoir-faire et de donner un espace de visibilité à ces artistes. Le principe de cette plateforme  <strong>Happy Days</strong>  est de réunir à la fois des projets en cours et d’inviter sur scène des créations ayant bénéficié de l’aide de ce réseau. Outre ces temps de programmation, des rencontres professionnelles et des moments de convivialité seront proposés sur 3 jours.</p>
<p><strong>JE 04 AVR</strong><br />
Simon Feltz (FR) / Vidal Bini (FR) / Akiko Hasegawa (FR) / Romane Peytavin et Pierre Piton (CH) / Lucas Bassereau et Constance Diard (FR) / Emi Mivoshi (DE) / Anne-Mareike Hess (LU)</p>
<p><strong>VE 05 AVR</strong><br />
Catarina Miranda (PT) / Simon Feltz (FR) / Romane Pevtavin et Pierre Piton (CH) / Ezio Schiavulli (FR) / Louise Vanneste (BE) / William Cardoso (LU) / Nicola Galli (FR)</p>
<p><strong>SA 06 AVR</strong><br />
Simon Feltz (FR) / Karine Dahouindji (CH) / Fanny Brouyaux (BE) / Fotini Stamatelopoulou (GR) / Romane Peytavin et Pierre Piton (CH) / Konstantinos Papanikolaou (GR) / Baptiste Cazaux (CH)[/vc_column_text][/vc_column][/vc_row][vc_row][vc_column width= »1/2&Prime;]<style type="text/css"></style><div id="bklyn_btn_69f205e6d6605" class="bklyn-btn-holder  bklyn-btn-center bklyn-btn-tablet-center bklyn-btn-mobile-center"><a title=""   href="https://bit.ly/happydays2024" target=" _blank" class="bklyn-btn  bklyn-btn-normal" ><span class="ut-btn-text">En images</span></a></div>[/vc_column][vc_column width= »1/2&Prime;]<style type="text/css"></style><div id="bklyn_btn_69f205e6d663c" class="bklyn-btn-holder  bklyn-btn-center bklyn-btn-tablet-center bklyn-btn-mobile-center"><a title=""   href="https://www.pole-sud.fr/happy-days/" target=" _blank" class="bklyn-btn  bklyn-btn-normal" ><span class="ut-btn-text">En savoir +</span></a></div>[/vc_column][/vc_row][vc_row][vc_column][vc_column_text]<strong>La plateforme Happy Days est organisée par le réseau Grand Luxe</strong> : POLE-SUD CDCN, Strasbourg (FR) / Grand Studio, Bruxelles (BE) / CCN &#8211; Ballet de Lorraine, Nancy (FR) / Onassis Stegi, Athènes (GR) / TROIS C-L &#8211; Centre de Création Chorégraphique Luxembourgeois (LU) / CCN &#8211; Ballet de l&rsquo;Opéra national du Rhin, Mulhouse (FR) / L&rsquo;Abri, Genève (CH) / Theater Freiburg (DE) / Teatro Municipal do Porto (PT)</p>
<p>Avec la participation de la Ville de Strasbourg, la Région Grand Est, la Collectivité européenne d’Alsace et l’État (Direction régionale des affaires culturelles du Grand Est), dans le cadre du Contrat triennal 2021-2023 «Strasbourg, capitale européenne» et de son fonds «Culture». En partenariat avec l’Agence Culturelle Grand Est. Avec l’aide du Centre Wallonie Bruxelles Paris, Wallonie-Bruxelles International, Kultur LX et Pro Helvetia.</p>
<p>[/vc_column_text]<div  class="wpb_content_element   clearfix"><style type="text/css">#ut_am_69f205e6d7587 { opacity: 1; }#ut_am_wrap_69f205e6d7588 .ut-image-gallery-item-caption-title h3 { letter-spacing: 0em; }#ut_am_wrap_69f205e6d7588 .ut-gallery-slider-caption { font-weight: bold; }#ut_am_wrap_69f205e6d7588 { text-align: left; }@media (min-width: 768px) and (max-width: 1024px) { #ut_am_wrap_69f205e6d7588 { text-align: left !important; } }@media (max-width: 767px) { #ut_am_wrap_69f205e6d7588 { text-align: center !important; } }</style><div id="ut_am_wrap_69f205e6d7588" class="ut-image-gallery-image "><div id="ut_reveal_69f205e6d7589"  data-appear-top-offset="auto" class="ut-animated-image-item ut-image-gallery-item ut-animation-done "><a class="ut-deactivated-link" href="#"><div class="ut-animated-image-zoom"><img loading="lazy" decoding="async" class="ut-lazy skip-lazy ut-animated-image "  id="ut_am_69f205e6d7587" src="data:image/svg+xml;charset=utf-8,%3Csvg xmlns%3D'http%3A%2F%2Fwww.w3.org%2F2000%2Fsvg' viewBox%3D'0 0 3125 3125'%2F%3E" data-src="https://grand-luxe.org/wp-content/uploads/2024/01/carre-modif.jpg" width="3125" height="3125" alt=""/></div></a></div></div></div>[/vc_column][/vc_row][/vc_section]</p>

<p>[vc_section][vc_row][vc_column][/vc_column][/vc_row][vc_row][vc_column][vc_column_text]Il existe de nombreux rendez-vous chorégraphiques nationaux mais il n’en existe pas beaucoup co-construits à une échelle transnationale. Initié en 2015 et prenant appui sur neuf structures issues de sept pays différents poursuivant des missions de développement de la danse, le réseau Grand Luxe propose chaque année un circuit d’accompagnement à la carte destiné à [&hellip;]</p>
